 -4 - -6) + -6
-2
Calculate 3 + (7 - 3) + -9 - 1.
-3
Evaluate 1 + 4 + 0 - 0.
5
(2 + -7 - -4 - -8) + -3
4
What is the value of (0 - -5) + (-144 - -129)?
-10
Calculate (-8 - (-3 + 1)) + 6.
0
What is the value of -10 + (22 - -2) - 5?
9
Calculate 0 + 3 + 4 - (4 + -1).
4
What is (-2 - -1 - 1) + (4 - -1)?
3
What is (-1 - -1) + (3 + -12 - -4)?
-5
Evaluate -16 + 20 - (1 + 0).
3
What is -1 + (-3 - (-11 - -4))?
3
(-45 - -45) + -7 + 1 - 1
-7
Evaluate (18 - 11) + -12 + -3.
-8
Calculate -4 + (5 - (0 + -3 + 7)).
-3
Evaluate 6 + -8 + (0 - 1) - -3.
0
What is the value of 8 - ((7 - 6) + 3)?
4
Evaluate -3 + -4 + 0 + 5 - 4.
-6
-16 + 7 - (-11 + -2)
4
What is 1 - -1 - ((5 - 1) + -4)?
2
Calculate 6 + 4 + -11 - 3.
-4
What is -38 + 40 - (-3 + 1 + -1)?
5
What is the value of 3 + (-7 - -3) + 0 - -2?
1
What is the value of -12 + (6 - (-3 - 4))?
1
What is 1 - -3 - (0 - (-1 + 2))?
5
Evaluate (-2 - -2) + -6 + -6 + 11.
-1
What is the value of -1 + -4 + 0 + 26 + -23?
-2
Evaluate (-1 - -3 - 3) + 1 - 3.
-3
Evaluate 0 + -6 - (28 + -29).
-5
What is (17 - 18) + (-5 - 0)?
-6
Calculate -4 + 5 + (4 - 7).
-2
Evaluate -6 + 2 - (-8 - -3 - 0).
1
Evaluate 1 + -2 + 2 + -3 + 3.
1
Evaluate 4 - (-1 - -2) - 3.
0
What is (-1 - (3 + -4)) + -4 + 2?
-2
Evaluate 0 + 7 + 1 + -6.
2
What is -11 - -12 - (1 + 1)?
-1
Evaluate (1 - -2) + (14 - 13).
4
Evaluate 0 - (4 + (2 - 3)) - 0.
-3
What is -9 - (5 - (2 + -4 + 12))?
-4
What is 3 + -16 + 5 + -1?
-9
What is the value of -1 + 4 + (-2 - 3) + 2?
0
Calculate 3 + (1 - 0) + -2 + 3.
5
What is (1 - (5 + 2 + -4)) + 3?
1
Calculate -3 + 4 + -5 + 8.
4
What is -21 + 24 - (-1 - -3)?
1
Evaluate (-13 - -7) + (2 + 3 - 3).
-4
What is the value of 6 - (13 + -11 + 0 + 0)?
4
Calculate (-6 - -1 - -4) + 4 + 1.
4
-15 + 16 + (-3 + -1 - 2)
-5
Calculate (-2 - 4) + 2 + 4 + 3.
3
-2 + -4 + (-9 - -9)
-6
Evaluate -10 - (-9 + (-10 - -9)).
0
What is 3 - ((10 - 4) + -2)?
-1
Calculate 133 + -139 - (0 + -2).
-4
Evaluate 5 + -2 + 1 - (3 + 1).
0
Calculate (5 - (-4 + 7)) + -5 + -1.
-4
What is 15 + 10 + -17 + -19?
-11
What is the value of 1 + 5 - (33 + -33)?
6
Calculate -1 + -7 + 1 - (-41 + 36).
-2
5 - ((5 - 13) + 9)
4
What is the value of 0 - -8 - (0 - -1)?
7
(7 - 5) + (0 - 8) - -15
9
Calculate (-2 - 11 - -3) + 9.
-1
5 - (3 + -1 + 3)
0
Calculate 4 + -4 + 3 + 1.
4
-8 - (-3 - -1) - -1
-5
What is (1 - (-5 + 4)) + -2 - 1?
-1
What is the value of -2 - (-2 - 2) - -2?
4
Calculate -5 + 8 + -9 - 2 - -6.
-2
8 + (-11 - -8 - -5)
10
What is the value of -2 + (1 - (-5 + 3 - -5))?
-4
Evaluate -1 - (2 + -8 + 4).
1
3 - (12 + -5) - 0 - -11
7
(13 + -7 - -4) + -4
6
Calculate 16 - 5 - (7 - 4 - 1).
9
What is the value of 13 + -13 - (10 - 17)?
7
-6 + (2 - (0 + 1)) - -1
-4
Evaluate 1 + (8 + 4 - 8).
5
(1 - 0) + -4 + 4 + 1
2
What is the value of 2 + -3 + (2 - -2)?
3
Calculate -3 - (-3 - (-2 - 2)) - -4.
0
Calculate 3 - 8 - (-2 - -2).
-5
What is the value of 0 + 1 + -4 + -2 - -5?
0
Calculate 7 + 6 + (-25 - -10).
-2
What is the value of (4 + -3 - -5) + -4?
2
Calculate -12 + (-1 - 0) + 8 + 2.
-3
Evaluate 5 + 2 - (2 + 6 - 7).
6
(-1 + 0 - 1) + 0 + 7
5
What is the value of (1 + 2 - 8) + 13 - 2?
6
What is 1 - (7 + (1 - 2))?
-5
106 - 99 - (1 - (0 - 2))
4
Evaluate 2 + -4 + 1 - 3.
-4
Evaluate 1 + -1 - (-3 + 6) - -7.
4
7 + 5 + (-2 - 7) - -2
5
What is -4 + 4 + 6 + -2?
4
Evaluate (0 - -6) + (-4 - 3).
-1
What is 4 + -3 + 0 + -7?
-6
Calculate -1 + (7 - (5 + -2 + -1)).
4
Evaluate 1 + 9 + -3 + -6 - -5.
6
-11 + 17 + 1 + -6
1
-4 + (0 - -1) + (17 - 11)
3
Evaluate 3 + -5 + 4 + -2.
0
Calculate 0 - (0 + -4 + 4).
0
Calculate -18 - -1 - -8 - -9.
0
4 + 3 - (13 + -3)
-3
Evaluate 0 - (14 + -6) - -5.
-3
What is the value of 0 - (-1 + 1 - 3) - -1?
4
8 - (-2 - -5) - 8 - -3
0
Calculate -9 - -9 - (0 + 3 - 2).
-1
0 - ((-3 - 3) + 2)
4
Calculate -11 + -7 + (6 - -1) + 7.
-4
What is the value of (-2 - (0 - 5)) + 2?
5
-4 + (2 - 0) + (-90 - -92)
0
What is the value of 5 + -1 - (-6 - (7 - 16))?
1
Evaluate (5 - 4) + 5 + (-4 - -3).
5
Evaluate -8 - (-7 + -1 + 4).
-4
Calculate 7 + -11 + (0 - 1) - -13.
8
Calculate 0 + -1 + 8 + -10 - -4.
1
What is the value of 1 + (-5 - -7) + 0?
3
Evaluate 4 + (1 - -4) + -14.
-5
What is (-6 - (3 + -9)) + 5?
5
Evaluate (-15 + 8 - -1) + -2.
-8
What is the value of -3 + 8 + -8 + 3?
0
What is -10 + 9 + (1 - -1)?
1
Calculate (-3 - (1 + -11)) + -1 - 10.
-4
2 - (13 + -5) - -6
0
Evaluate 6 + -5 + 8 + -4 + -1.
4
Calculate (-4 - -1) + -6 + 9.
0
Evaluate 0 - ((1 - (0 - 0)) + 0).
-1
What is 1 - (1 + -3 + -2 + 4)?
1
Calculate -5 - (-26 + 11) - 7.
3
What is -6 - (-4 + -6 + 7)?
-3
Evaluate (6 - 17) + 5 - -3.
-3
Calculate (0 - 4) + -4 + 9.
1
What is the value of 6 + (9 - 7) + (-6 - 1)?
1
Calculate 13 + -10 + -4 - (9 + -1).
-9
Calculate (-7 - -5) + 0 + (-2 - 0).
-4
Evaluate 11 + -10 - (2 + (4 - 2)).
-3
-9 + 15 - (2 - 1)
5
Evaluate -30 + 29 - (-4 + 0).
3
Calculate -1 + -2 - (-3 - (-1 + 1)).
0
Calculate -2 + (-3 - -13) - 4.
4
Calculate (2 - 1) + (2 - (7 + -4)).
0
Calculate 10 - 10 - (4 + -7 + 8).
-5
Evaluate -6 + -1 + -7 + 11.
-3
Evaluate -6 + 0 + -29 + 35.
0
Evaluate 35 + -27 + -3 + 0.
5
What is the value of -1 + 5 + 0 + 5 + -14?
-5
Evaluate -2 + (-4 - -3) + 3.
0
Calculate (-10 - (-11 + 7)) + 15.
9
Evaluate 6 - (15 + 4 + -5 + 0).
-8
Evaluate (-4 + -3 - (-3 - 1)) + 7.
4
4 + (1 - 6) + -9
-10
Calculate (2 - 16) + 15 - (6 - 1).
-4
What is 11 - (8 - (-11 - -2))?
-6
(13 - 6) + -1 + (-13 - -3)
-4
What is (-10 - 2) + -14 + 31?
5
What is the value of 1 - 6 - (1 + -2) - 0?
-4
Evaluate (4 - 3 - -2) + 2.
5
Calculate -10 + (6 - 3 - 5) + 6.
-6
What is 7 + -2 - (-7 + 6 + 9)?
-3
What is 5 + -3 + 2 + -6?
-2
Evaluate 0 - ((24 - 10) + -19).
5
What is the value of (-22 - (6 - 21)) + 3?
-4
What is 21 + -11 + -9 - (3 - 1)?
-1
What is -1 - -5 - (4 + 2)?
-2
Calculate 6 + 0 + -3 + -7 - -4.
0
What is the value of -6 + 2 + 2 - (1 - -3)?
-6
What is 48 - 48 - (9 + -2 + -1)?
-6
What is -9 + (-3 - (-6 + (0 - 0)))?
-6
0 + (-4 - (-4 - -5))
-5
What is the value of 2 + 3 + 0 + -7?
-2
Calculate (8 - 1) + -21 + 15 + -1.
0
Evaluate 4 + -4 + -3 - 0.
-3
Evaluate -8 + (30 + -8 - 9).
5
What is the value of 3 + -15 + (13 - 10)?
-9
-14 - (-4 + 1 - 10)
-1
Evaluate -8 + 6 + 1 + 0 + 3.
2
What is (3 - (1 + -1)) + -1?
2
What is 12 - 9 - (3 - 1)?
1
What is -2 - (-3 - (-6 + (6 - 5)))?
-4
What is -10 + 3 + 4 - -5?
2
What is 1 + (-3 - (-2 - -3))?
-3
What is the value of 2 + -1 + -84 + 87?
4
Evaluate -3 + -1 + (3 - 0 - 1).
-2
What is 18 + (-3 - 8) + 0?
7
What is 5 + -12 + -1 + 7?
-1
-2 + 3 + 2 + -4 + 1
0
10 - (5 - (8 + -4))
9
What is 4 + (1 - 1 - 3) - 3?
-2
Evaluate 2 + 4 + -4 - 2.
0
Calculate -2 - (1 - 3 - 8).
8
Evaluate 7 - (1 - (4 - 11 - -4)).
3
What is the value of 0 - (2 - 1 - 6) - 4?
1
-3 - (-1 + 2 + -9 + -1)
6
What is 2 + (-2 + 5 + -1 - 0)?
4
Calculate (4 - 0) + (-7 - -7).
4
Evaluate 8 - 6 - -5 - 4.
3
-10 + 1 + 6 + 5
2
Calculate (3 - 2) + (-2 - (1 + 0)).
-2
What is the value of 0 - 9 - (-66 - -63)?
-6
Evaluate -7 + (4 - 5) - -6.
-2
-14 + 13 + -3 - -6
2
What is the value of -3 - (4 + -6 + -1)?
0
What is -2 - (-2 + 1) - -4?
3
Evaluate 1 - ((0 - -8) + (-2 - 0)).
-5
Evaluate 6 - ((6 - 6) + (0 - -3)).
3
Calculate 4 + (-1 - 2 - 2) + 2.
1
What is -4 - (5 + 3 + -10 + 3)?
-5
3 - (2 + -6 - (-11 + -1))
-5
Calculate (2 - -3) + -4 + 0.
1
Calculate (3 - 9) + (2 - -1).
-3
Evaluate 0 + 0 + 5 + -3 + -5.
-3
(-9 + 20 - 6) + -9
-4
What is 5 + -9 + 3 + -5?
-6
Calculate 3 + (-3 - -5) - 5.
0
0 + 4 + (-3 - 6)
-5
Calculate 0 + (1 + -4 - -2 - -6).
5
-2 - (-6 - -12 - (2 + -1))
-7
Calculate (-14 - -9) + (10 - 6).
-1
What is the value of 3 - (4 - -2) - (-2 + 3)?
-4
Evaluate 0 + 2 + -3 + (-9 - -9).
-1
What is 8 - (-6 + 2 - -5)?
7
8 + -7 + (9 - 5)
5
What is 15 + -6 + -9 + (1 - 0)?
1
What is -1 + -1 + (-5 - -3) + 4?
0
Evaluate (-17 - -31) + -6 + -9.
-1
What is -21 + -7 + 21 - -10?
3
-6 + 6 + (1 + -3 - 8)
-10
7 + -3 + 2 - 8
-2
Evaluate -1 + (4 + -6 - -5).
2
-2 - (4 + 2 + -2)
-6
-4 + -1 + -2 + (-11 - -16)
-2
Evaluate -4 + 8 + -2 - (35 - 33).
0
Calculate -1 + -3 + (84 - 75).
5
What is the value of 7 + (5 + 0 - (2 - -7))?
3
Evaluate -2 + 0 + (2 - 0 - 2).
-2
5 + (2 - 15) + 3
-5
Calculate -1 + (-1 - -2) + 241 + -247.
-6
-6 - -1 - -11 - -1
7
What is the value of 6 + (-7 + 11 - 8)?
2
Calculate (-4 - -5 - 4) + -3 + 3.
-3
What is the value of -3 - 0 - (-16 + 13)?
0
What is the value of (6 - (1 + 3)) + 2 + -3?
1
Calculate 13 - (6 + -